 166. What are the prime factors of u(x)?
2
Let c be 0/(((-1)/((-1)/(-2)))/2). Let b be (-354)/(-2 + 0) + c. Let t = -57 + b. List the prime factors of t.
2, 3, 5
Let g(w) = -29*w + 1572. What are the prime factors of g(-68)?
2, 443
Let s = -14919 + 23335. What are the prime factors of s?
2, 263
Let q be 17008/14 + (78/(-42) - -2). Let d = -768 + q. What are the prime factors of d?
3, 149
Let q = 71254 - 50895. What are the prime factors of q?
20359
Suppose 2*k = 5*p - 81, -8*p + 3*p + 77 = -4*k. Let n(s) = -4*s - 4*s + 14 - 355*s**2 - 52 + 356*s**2. What are the prime factors of n(p)?
5, 23
Let y be 13/1 - ((-5 - -1) + 8). List the prime factors of 40/60*10*y.
2, 3, 5
Let d(b) = -b**3 - 32*b**2 - 132*b + 55. Let n(q) = 9*q + 70. Let v be n(-11). What are the prime factors of d(v)?
2, 5, 17
Suppose -50*p = -45*p - 1990. Suppose -7*v + p = -757. What are the prime factors of v?
3, 5, 11
Let h be 1/(1*(-2)/(-4)). Suppose 2*g = 2*c + 3*g + 13, -h*c - 9 = -3*g. List the prime factors of (-9)/((-135)/c) - (-634)/10.
3, 7
Suppose -4*x - 1 = -73. Let k be (x/(-14) - -1) + (-2284)/(-7). Suppose k = 3*w - 1. What are the prime factors of w?
109
List the prime factors of 22*(1 + 24514/30 - (-416)/(-3120)).
2, 11, 409
Let s = -238 + 378. Let j = s - 89. Let c = j + -38. What are the prime factors of c?
13
Let t(z) = -z**3 - 16*z**2 - 17*z. Let j be t(-16). Suppose 4*s + 2 = 2*k + 230, 224 = -2*k + 2*s. Let d = j + k. List the prime factors of d.
2, 3
Let y(p) = 1097*p**2 + 7*p + 8. Let t be y(-1). Suppose -4*j + t = d, d + 7*j = 6*j + 1104. List the prime factors of d.
2, 7, 79
Let t = -560 + -661. Let w = 2037 + t. What are the prime factors of w?
2, 3, 17
Let r = -66 + 60. Let l be 413 - (-1 + -3) - r/(-2). Suppose l = -6*g + 1134. What are the prime factors of g?
2, 3, 5
Let q be (-1 - 3 - 1)*3/(-5). Suppose 0 = -5*h + 3*n + 45, 0 = -q*h + 2*n - 6*n - 2. List the prime factors of (h/12)/(2/268).
67
Suppose 221*b = 204*b + 123097. What are the prime factors of b?
13, 557
Let a = -29 - -33. Suppose 0 = -k - 20 - a. List the prime factors of (k/(-5))/((-4)/(-60)).
2, 3
Let u(b) = 7*b**2 + b + 5. Let m(l) = l**3 - 2*l**2 - 5*l - 4. Let c be m(4). What are the prime factors of u(c)?
461
Let b(u) = -48*u + 17. Let x be b(-13). Let f = 1032 - x. What are the prime factors of f?
17, 23
Suppose 0 = -c - w + 70377, 49884 = -2*c - 3*w + 190639. What are the prime factors of c?
2, 19, 463
Let f(y) be the first derivative of 6*y**2 - 3*y - 20 - y + y - 3*y. What are the prime factors of f(8)?
2, 3, 5
Let b be 1*-1 + 55/(-11). What are the prime factors of 1138*(b/(-24) - 3/(-4))?
2, 569
Let n = -16 + 13. List the prime factors of (-298)/n + 85/51.
101
Let z be -3*70/(-15)*2/4. Suppose 9198 = z*g + 854. What are the prime factors of g?
2, 149
Suppose -1117 + 243 = -c + 2*d, 4377 = 5*c - 3*d. List the prime factors of c.
2, 3, 73
Suppose 379*a + 24264 = 397*a. List the prime factors of a.
2, 337
Let i(a) = 2*a**2 + a - 8. Suppose -19 = h + 3*r, -4*h + 3*r - 49 = -18. Let c = 3 + h. What are the prime factors of i(c)?
83
Suppose -694 = c + 2*h - 7*h, 0 = -4*c + 2*h - 2866. Let o = c + 1034. Suppose 0 = -3*t - 0*t - 3*k + o, t - 120 = 2*k. What are the prime factors of t?
2, 5, 11
Let a = 180 + 35. Let b = 699 - 679. What are the prime factors of (-39)/(-12) + -3 + a/b?
11
Suppose -125620 = -215*b + 195*b. List the prime factors of b.
11, 571
Let t(s) = -13*s + 345. Let q(v) = -2*v**2 - 57*v - 81. Let r be q(-27). List the prime factors of t(r).
3, 5, 23
Let r(d) = d - 15. Let b be r(-14). Let g = 90 - 147. Let i = b - g. List the prime factors of i.
2, 7
Suppose -2*w - 14734 = -2*z, z = 12*w - 8*w + 7376. List the prime factors of z.
2, 7, 263
Let n(m) = m**2 - 3. Let c be n(2). Let r be (-3 - -4)*(c - -8). Suppose 2280 = r*v + 3*v. What are the prime factors of v?
2, 5, 19
List the prime factors of 147732/20 + 10/25 - 7.
2, 3, 5, 41
Suppose 4*o - 5*o - 96 = -5*n, -n + 2*o = -12. Let i = n + -13. Suppose -2*y + 2*v + i = 3*y, -5*y + 4*v = 1. What are the prime factors of y?
3
Let w = -323 + 124. Let b = w - -726. What are the prime factors of b?
17, 31
Suppose -21*y = -b - 17*y + 6991, 3*b = -5*y + 20939. List the prime factors of b.
6983
Let l = 21 - 77. Let b be ((-25)/(-8) - (-7)/l) + 1. Suppose 0 = 4*i + y - b*y - 51, -23 = -2*i + y. List the prime factors of i.
3
Let r(w) = 2*w**3 - w**2 + 5. Let i be r(3). Suppose -4*z = -c - 63, -5*z - 2*c + i = -2*z. Suppose -z = 7*s - 128. List the prime factors of s.
2
Let o = 21 - 4. Let c = -24 + o. Let m(a) = a**2 + 3*a + 13. List the prime factors of m(c).
41
What are the prime factors of (-118 - 0)/(301/(-16555))?
2, 5, 11, 59
Suppose -r = -4*k - 1, r = -2*k - 2 - 3. List the prime factors of ((-700)/75)/(((-1)/k)/(-177)).
2, 7, 59
Suppose -10*r = 3*r - 65. Suppose 5*a + 4*n - 2931 = 0, 3*a - 7*a + r*n + 2312 = 0. List the prime factors of a.
11, 53
Suppose -170022 = -4*r - 3*y, -2*r + 84978 = -660*y + 656*y. What are the prime factors of r?
3, 31, 457
Let x be ((-5)/15)/((-21)/(-126)). Suppose 9 = 2*j + 3*i + 1, -2*j + 2*i - 2 = 0. What are the prime factors of 79*j/(-2)*x?
79
Let u = 46 + -11. Let j be u/2*(-312)/(-20). Suppose 3*c = j + 12. What are the prime factors of c?
5, 19
List the prime factors of (115 + -6 + 1 + -1)/1.
109
List the prime factors of (2 - (-35 + 0))/((-222)/(-108558)).
3, 37, 163
Suppose 0 = -7*z + 13 + 22. Suppose -4*a + 621 = 3*f, z*a - 4*f - 759 = -2*f. List the prime factors of a.
3, 17
Let v(w) = w**3 - w**2 - 2*w - 5. Let k be v(2). What are the prime factors of -5 + k/20*-12 - -669?
23, 29
Suppose 0 = 5*g + 5149 + 181. Let j = g - -2691. What are the prime factors of j?
5, 13
Suppose r + 35 = 2*c, 5*c - 83 = -6*r + 4*r. What are the prime factors of (-6890)/(-14) - c/119?
2, 3, 41
Let t = 7836 - 4273. What are the prime factors of t?
7, 509
Let u(r) = 21*r**2 - 24*r + 774. List the prime factors of u(21).
3, 353
List the prime factors of (-42*(-19)/1197)/(98168/(-49086) + 2).
3, 101
Let u = -458 + 13. Let c = -155 - u. List the prime factors of c.
2, 5, 29
Let g(d) = d**3 + 13*d**2 - 15*d + 6. Suppose 0 = y + 4*a - 8, 3*y + 50 = -2*y - 2*a. List the prime factors of g(y).
2, 3, 5, 11
Suppose 41*q - 25770 = -4*p + 43*q, 0 = -4*p - q + 25755. List the prime factors of p.
2, 5, 7, 23
Let c(u) = 796*u**2 + 485*u - 1. List the prime factors of c(-5).
2, 8737
Suppose -123 = 28*h - 431. Let m(z) = -2*z**3 + 23*z**2 + 20*z - 14. What are the prime factors of m(h)?
3, 109
Suppose -3*g + 75 = -3*b, 19*b = 15*b. What are the prime factors of ((-449)/5)/(g/(-250))?
2, 449
Let d(y) = -5828*y**3 - y**2 + 30*y + 30. List the prime factors of d(-1).
5827
Let a = 168 - 166. Suppose -a*n + 904 = -13*c + 9*c, 3*n - 1336 = c. What are the prime factors of n?
2, 3, 37
Let b = 37 + -34. Suppose 2103 = 5*z + 2*l, 460 - 1737 = -b*z - 5*l. Suppose z = 4*r + 27. List the prime factors of r.
2, 7
Let a = -15020 - -31354. What are the prime factors of a?
2, 8167
Let h(v) = 20 - 12*v + v + 7*v. Suppose 4*f + k = -17, -10 - 14 = 5*f + 4*k. What are the prime factors of h(f)?
2, 3
Let w = -116 + 129. Suppose -12*b + 207 = -213. Suppose -w*d + b = -3358. List the prime factors of d.
3, 29
Let c(j) = -j**3 + 9*j**2 - 7*j + 7. Let p be c(13). Let v = 889 + p. List the prime factors of v.
3, 43
Let i = 43 + 44. Let g = i + -82. Suppose 346 = g*u - 129. What are the prime factors of u?
5, 19
Let l(w) = 2*w**2 - 7*w - 11. Let c be -6 + -5 + 5 + 1*2. Let u(o) = 3*o**2 - 7*o - 11. Let z(s) = c*l(s) + 3*u(s). What are the prime factors of z(-14)?
109
Suppose 10*n + 80922 = 167800 + 109082. What are the prime factors of n?
2, 3, 23, 71
Let d(o) = -2*o**3 - 11*o**2 + 8*o + 12. Let c be d(-6). Let t(k) = -k**3 - 2*k**2 + k + 731. What are the prime factors of t(c)?
17, 43
List the prime factors of (546/18)/((-6)/(-3006)).
7, 13, 167
Let n be (3 - 4)/(0 + (-2)/(-28)). Let q be ((-4)/n)/((-1)/7). List the prime factors of 1*(3 + -69)*q.
2, 3, 11
Let k = -36 - -42. Suppose 3*w + 2*r = 22, 4*r + k = -2*w + w. Suppose 390 = -w*t + 13*t. List the prime factors of t.
2, 5, 13
List the prime factors of (-48822)/(-16) + (-315)/840.
3, 113
Let q = 47 + -37. Let y(l) = 12 - 2*l - q - 8*l. List the prime factors of y(-3).
2
Suppose 0 =